{"id":211,"date":"2022-05-18T08:33:57","date_gmt":"2022-05-18T06:33:57","guid":{"rendered":"https:\/\/beta.celiabenoist.fr\/?page_id=211"},"modified":"2022-05-23T09:21:35","modified_gmt":"2022-05-23T07:21:35","slug":"mon-parcours","status":"publish","type":"page","link":"https:\/\/celiabenoist.fr\/?page_id=211","title":{"rendered":"Mon parcours"},"content":{"rendered":"\n<h2 class=\"has-text-align-center wp-block-heading\">Mes exp\u00e9riences<\/h2>\n\n\n\n<div class=\"wp-block-columns is-layout-flex wp-container-core-columns-is-layout-9d6595d7 wp-block-columns-is-layout-flex\">\n<div class=\"wp-block-column is-layout-flow wp-block-column-is-layout-flow\" style=\"flex-basis:20%\"><\/div>\n\n\n\n<div class=\"wp-block-column is-layout-flow wp-block-column-is-layout-flow\" style=\"flex-basis:60%\">\n<p class=\"text-justified\"><strong>Depuis 2017 &#8211; J&rsquo;exerce en cabinet lib\u00e9ral aupr\u00e8s d&rsquo;un public tout venant. <\/strong>Cette activit\u00e9 me conduit \u00e0 d\u00e9velopper mes connaissances et comp\u00e9tences dans des domaines vari\u00e9s afin d&rsquo;aider au mieux les personnes que je rencontre.<\/p>\n\n\n\n<p class=\"text-justified\"><strong>Depuis 2018 &#8211; J&rsquo;ai int\u00e9gr\u00e9 l&rsquo;association Apsytude en tant que psychologue.<\/strong> Cette association veille au bien \u00eatre des \u00e9tudiants. J&rsquo;y fait des consultations, des ateliers, des stands de pr\u00e9vention ou des formations \u00e0 destination de professionnels au contact d&rsquo;\u00e9tudiants.  <\/p>\n\n\n\n<p class=\"text-justified\"><strong>Depuis 2018 &#8211; J&rsquo;enseigne la psychologie du d\u00e9veloppement dans le sup\u00e9rieur aupr\u00e8s d&rsquo;\u00e9tudiants en psychologie et en psychomotricit\u00e9.<\/strong> Parmi les diff\u00e9rentes th\u00e9matiques enseign\u00e9es il y a : le haut potentiel, le trouble d&rsquo;attention (TDAH) et le syndrome dysex\u00e9cutif, le d\u00e9veloppement g\u00e9n\u00e9ral de l&rsquo;enfant.<\/p>\n\n\n\n<p class=\"text-justified\"><strong>Depuis 2021 &#8211; J&rsquo;anime des sessions d&rsquo;Analyse de la pratique<\/strong> <strong>aupr\u00e8s de professionnels<\/strong>, notamment en micro-cr\u00e8che. Ce sont des temps d&rsquo;\u00e9changes sur des situations probl\u00e9matiques et sur la pratique professionnelle afin d&rsquo;envisager des solutions. Cela permet de partager et de verbaliser les difficult\u00e9s professionnelles rencontr\u00e9es.<\/p>\n<\/div>\n\n\n\n<div class=\"wp-block-column is-layout-flow wp-block-column-is-layout-flow\" style=\"flex-basis:20%\"><\/div>\n<\/div>\n\n\n\n<h3 class=\"has-text-align-center wp-block-heading\">Formations<\/h3>\n\n\n\n<div class=\"wp-block-columns is-layout-flex wp-container-core-columns-is-layout-9d6595d7 wp-block-columns-is-layout-flex\">\n<div class=\"wp-block-column is-layout-flow wp-block-column-is-layout-flow\" style=\"flex-basis:20%\"><\/div>\n\n\n\n<div class=\"wp-block-column is-layout-flow wp-block-column-is-layout-flow\" style=\"flex-basis:60%\">\n<p class=\"text-justified\">2022 &#8211; Formation \u00e0 la th\u00e9rapie dialectique et prise en charge des personnalit\u00e9s borderlines<br>2022 &#8211; Suicide&nbsp;: reconnaitre les signes et savoir agir (r\u00e9actualisation des connaissances suite \u00e0 la formation faite en 2018)<br>2021 &#8211; Introduction \u00e0 la th\u00e9rapie ACT &#8211; th\u00e9rapie d&rsquo;acceptation et d&rsquo;engagement<br>2021 &#8211; Formation aux ateliers MAAC \u2013 micro actions altruistes et cr\u00e9atives<br>2019 &#8211; Formation : \u00ab&nbsp;Ev\u00e8nement traumatique : comment r\u00e9agir et pr\u00e9venir les risques&nbsp;\u00bb \u2013 Apsytude<br>2018 &#8211; Crise suicidaire&nbsp;: brevet de secourisme psychique<br>Depuis 2018 &#8211; Formation continue au troubles neurod\u00e9veloppementaux et au haut potentiel<\/p>\n<\/div>\n\n\n\n<div class=\"wp-block-column is-layout-flow wp-block-column-is-layout-flow\" style=\"flex-basis:20%\"><\/div>\n<\/div>\n\n\n\n<h3 class=\"has-text-align-center wp-block-heading\">Etudes<\/h3>\n\n\n\n<div class=\"wp-block-columns is-layout-flex wp-container-core-columns-is-layout-9d6595d7 wp-block-columns-is-layout-flex\">\n<div class=\"wp-block-column is-layout-flow wp-block-column-is-layout-flow\" style=\"flex-basis:20%\"><\/div>\n\n\n\n<div class=\"wp-block-column is-layout-flow wp-block-column-is-layout-flow\" style=\"flex-basis:60%\">\n<p class=\"text-justified\">J&rsquo;ai commenc\u00e9 mes \u00e9tudes par une licence de psychologie<strong> <\/strong>\u00e0 l&rsquo;<strong>Universit\u00e9 Catholique de Lille<\/strong>. A travers ce parcours g\u00e9n\u00e9raliste, j&rsquo;ai acquis des bases en psychopathologie, en psycho\u00e9ducation et en th\u00e9rapie cognitivo-comportementale. <\/p>\n\n\n\n<p class=\"text-justified\">J&rsquo;ai ensuite rejoins l&rsquo;<strong>Universit\u00e9 de Lille<\/strong> pour la suite de mes \u00e9tudes. C&rsquo;est ainsi que j&rsquo;ai effectu\u00e9 le <strong>master DEHIS &#8211; d\u00e9veloppement \u00e9ducation handicap individu et soci\u00e9t\u00e9<\/strong>. Il m&rsquo;a permis de d\u00e9velopper mes connaissances dans l&rsquo;ensemble des domaines cit\u00e9s et d&rsquo;acqu\u00e9rir des comp\u00e9tences nouvelles avec notamment la possibilit\u00e9 d&rsquo;adapter et de cr\u00e9er des outils et des interventions \u00e0 utiliser en pratique sur un fond de connaissances scientifiques.<\/p>\n\n\n\n<p class=\"text-justified\">Lors de ma formation universitaire j&rsquo;ai pu exp\u00e9rimenter le m\u00e9tier de psychologue dans diverses structures : en <strong>protection de l&rsquo;enfance<\/strong>, en <strong>EHPAD <\/strong>et en <strong>milieu scolaire<\/strong>. Cette derni\u00e8re exp\u00e9rience m&rsquo;a donn\u00e9e un bagage solide dans la pratique de <strong>bilan psychologiques.<\/strong> <br><br>La fin de ces ann\u00e9es universitaires note pour moi l&rsquo;<strong>obtention du titre de psychologue<\/strong>.<\/p>\n<\/div>\n\n\n\n<div class=\"wp-block-column is-layout-flow wp-block-column-is-layout-flow\" style=\"flex-basis:20%\"><\/div>\n<\/div>\n\n\n\n<h3 class=\"has-text-align-center wp-block-heading\">Le titre de psychologue<\/h3>\n\n\n\n<div class=\"wp-block-columns is-layout-flex wp-container-core-columns-is-layout-9d6595d7 wp-block-columns-is-layout-flex\">\n<div class=\"wp-block-column is-layout-flow wp-block-column-is-layout-flow\" style=\"flex-basis:20%\"><\/div>\n\n\n\n<div class=\"wp-block-column .text_justify {text-align : justify;} is-layout-flow wp-block-column-is-layout-flow\" style=\"flex-basis:60%\">\n<p class=\"text-justified\">Le psychologue accompagne celles et ceux qui sont en souffrance ou en difficult\u00e9 psychique.&nbsp;Via les psychoth\u00e9rapies, vous pouvez \u00e9changer avec un professionnel \u00e0 l\u2019\u00e9coute, neutre et sans jugement. Son objectif est l\u2019am\u00e9lioration du bien-\u00eatre et le d\u00e9veloppement de capacit\u00e9s des patients.<br>Un psychologue est un professionnel ayant suivi un cursus universitaire en psychologie. Ce parcours d\u2019au moins 5 ann\u00e9es est constitu\u00e9 d\u2019une licence et d\u2019un master en psychologie. Le titre de psychologue est d\u2019ailleurs prot\u00e9g\u00e9 depuis la loi du 25 juillet 1985.<br>Le psychologue suis le&nbsp;<a href=\"http:\/\/www.codededeontologiedespsychologues.fr\/LE-CODE.html\">code de d\u00e9ontologie<\/a>&nbsp;du psychologue. Il est donc tenu au <strong>secret professionnel<\/strong>.<\/p>\n<\/div>\n\n\n\n<div class=\"wp-block-column is-layout-flow wp-block-column-is-layout-flow\" style=\"flex-basis:20%\"><\/div>\n<\/div>\n","protected":false},"excerpt":{"rendered":"<p>Mes exp\u00e9riences Depuis 2017 &#8211; J&rsquo;exerce en cabinet lib\u00e9ral aupr\u00e8s d&rsquo;un public tout venant. Cette activit\u00e9 me conduit \u00e0 d\u00e9velopper mes connaissances et comp\u00e9tences dans des domaines vari\u00e9s afin d&rsquo;aider au mieux les personnes que je rencontre. Depuis 2018 &#8211; J&rsquo;ai int\u00e9gr\u00e9 l&rsquo;association Apsytude en tant que psychologue. Cette association &hellip;<\/p>\n","protected":false},"author":1,"featured_media":0,"parent":0,"menu_order":0,"comment_status":"closed","ping_status":"closed","template":"","meta":{"footnotes":""},"class_list":["post-211","page","type-page","status-publish","hentry"],"_links":{"self":[{"href":"https:\/\/celiabenoist.fr\/index.php?rest_route=\/wp\/v2\/pages\/211","targetHints":{"allow":["GET"]}}],"collection":[{"href":"https:\/\/celiabenoist.fr\/index.php?rest_route=\/wp\/v2\/pages"}],"about":[{"href":"https:\/\/celiabenoist.fr\/index.php?rest_route=\/wp\/v2\/types\/page"}],"author":[{"embeddable":true,"href":"https:\/\/celiabenoist.fr\/index.php?rest_route=\/wp\/v2\/users\/1"}],"replies":[{"embeddable":true,"href":"https:\/\/celiabenoist.fr\/index.php?rest_route=%2Fwp%2Fv2%2Fcomments&post=211"}],"version-history":[{"count":9,"href":"https:\/\/celiabenoist.fr\/index.php?rest_route=\/wp\/v2\/pages\/211\/revisions"}],"predecessor-version":[{"id":387,"href":"https:\/\/celiabenoist.fr\/index.php?rest_route=\/wp\/v2\/pages\/211\/revisions\/387"}],"wp:attachment":[{"href":"https:\/\/celiabenoist.fr\/index.php?rest_route=%2Fwp%2Fv2%2Fmedia&parent=211"}],"curies":[{"name":"wp","href":"https:\/\/api.w.org\/{rel}","templated":true}]}}