{"id":148,"date":"2022-05-17T07:36:51","date_gmt":"2022-05-17T05:36:51","guid":{"rendered":"https:\/\/beta.celiabenoist.fr\/?page_id=148"},"modified":"2025-03-31T09:45:39","modified_gmt":"2025-03-31T07:45:39","slug":"motifs-de-consultations","status":"publish","type":"page","link":"https:\/\/celiabenoist.fr\/?page_id=148","title":{"rendered":"Consultations"},"content":{"rendered":"\n<h3 class=\"wp-block-heading has-text-align-center\">Les motifs de consultation<\/h3>\n\n\n\n<div class=\"wp-block-columns is-layout-flex wp-container-core-columns-is-layout-9d6595d7 wp-block-columns-is-layout-flex\">\n<div class=\"wp-block-column is-layout-flow wp-block-column-is-layout-flow\" style=\"flex-basis:20%\"><\/div>\n\n\n\n<div class=\"wp-block-column is-layout-flow wp-block-column-is-layout-flow\" style=\"flex-basis:80%\">\n<p class=\"has-text-align-center text-justified\">Les consultations peuvent se faire \u00e0 tous les \u00e2ges, de la petite enfance \u00e0 l&rsquo;\u00e2ge adulte en passant par l&rsquo;adolescence. De la l\u00e9g\u00e8re blessure au lourd traumatisme, il ne faut pas h\u00e9siter \u00e0 en parler. C&rsquo;est pourquoi les motifs peuvent \u00eatre tr\u00e8s vari\u00e9s, comme par exemple :<\/p>\n<\/div>\n\n\n\n<div class=\"wp-block-column is-layout-flow wp-block-column-is-layout-flow\" style=\"flex-basis:20%\"><\/div>\n<\/div>\n\n\n\n<div class=\"wp-block-columns is-layout-flex wp-container-core-columns-is-layout-9d6595d7 wp-block-columns-is-layout-flex\">\n<div class=\"wp-block-column is-layout-flow wp-block-column-is-layout-flow\" style=\"flex-basis:10%\"><\/div>\n\n\n\n<div class=\"wp-block-column is-layout-flow wp-block-column-is-layout-flow\">\n<p class=\"has-text-align-center\" style=\"font-size:13px\">Difficult\u00e9s scolaires<br>Haut potentiel<br>Difficult\u00e9s d\u2019attention<br>Timidit\u00e9 excessive<br>Difficult\u00e9s \u00e9motionnelles<br>Troubles du comportement<\/p>\n<\/div>\n\n\n\n<div class=\"wp-block-column is-layout-flow wp-block-column-is-layout-flow\">\n<p class=\"has-text-align-center\" style=\"font-size:13px\">Stress, anxi\u00e9t\u00e9<br>Crises d\u2019angoisse<br>Confiance en soi<br>Estime et affirmation de soi<br>Troubles du sommeil<br>Troubles de l&rsquo;alimentation<br>Sant\u00e9 sexuelle et sexualit\u00e9<\/p>\n<\/div>\n\n\n\n<div class=\"wp-block-column is-layout-flow wp-block-column-is-layout-flow\">\n<p class=\"has-text-align-center\" style=\"font-size:13px\">Mal \u00eatre, d\u00e9pression<br>Deuil, s\u00e9paration, traumatismes<br>Conflits<br>Difficult\u00e9s au travail<br>Burn out professionnel, parental<br>Addictions<\/p>\n<\/div>\n\n\n\n<div class=\"wp-block-column is-layout-flow wp-block-column-is-layout-flow\" style=\"flex-basis:10%\"><\/div>\n<\/div>\n\n\n\n<h3 class=\"wp-block-heading has-text-align-center\">D\u00e9roulement d&rsquo;une s\u00e9ance et d&rsquo;un suivi<\/h3>\n\n\n\n<div class=\"wp-block-columns is-layout-flex wp-container-core-columns-is-layout-9d6595d7 wp-block-columns-is-layout-flex\">\n<div class=\"wp-block-column is-layout-flow wp-block-column-is-layout-flow\" style=\"flex-basis:20%\"><\/div>\n\n\n\n<div class=\"wp-block-column is-layout-flow wp-block-column-is-layout-flow\" style=\"flex-basis:80%\">\n<p class=\"has-text-align-center text-justified\"><i class=\"fas fa-hourglass-half\"><\/i> Les s\u00e9ances sont individuelles et durent <strong>50 minutes <\/strong>environ.<br><i class=\"fas fa-video\"><\/i> Des <strong>visioconsultations <\/strong>sont possibles.<br><i class=\"fas fa-comments\"><\/i> Les consultations peuvent se faire <strong>en fran\u00e7ais et\/ou en anglais<\/strong>.<br><i class=\"fas fa-user-friends\"><\/i> Les mineurs doivent \u00eatre accompagn\u00e9s au moins \u00e0 la premi\u00e8re s\u00e9ance.<br><i class=\"fas fa-calendar-alt\"><\/i> La fr\u00e9quence est d&rsquo;<strong>une s\u00e9ance toutes les 2 \u00e0 3 semaines<\/strong> en g\u00e9n\u00e9ral et s&rsquo;adapte aux besoins (peut \u00eatre plus soutenu ou plus ponctuel)<\/p>\n\n\n\n<div style=\"height:15px\" aria-hidden=\"true\" class=\"wp-block-spacer\"><\/div>\n\n\n\n<p class=\"has-text-align-left text-justified\">Le paiement se fait \u00e0 la fin de chaque s\u00e9ance et une facture est \u00e9dit\u00e9e pour votre mutuelle.<br>Je ne suis <strong>pas conventionn\u00e9e <\/strong>par la s\u00e9curit\u00e9 sociale \u00e0 ce jour. Les s\u00e9ances ne sont donc pas rembours\u00e9es par la s\u00e9curit\u00e9 sociale mais certaines mutuelles proposent des remboursements.&nbsp;<strong>Renseignez-vous aupr\u00e8s de votre mutuelle !<\/strong><\/p>\n<\/div>\n\n\n\n<div class=\"wp-block-column is-layout-flow wp-block-column-is-layout-flow\" style=\"flex-basis:20%\"><\/div>\n<\/div>\n\n\n\n<div class=\"wp-block-buttons is-content-justification-center is-layout-flex wp-container-core-buttons-is-layout-16018d1d wp-block-buttons-is-layout-flex\">\n<div class=\"wp-block-button is-style-outline is-style-outline--1\"><a class=\"wp-block-button__link has-text-color wp-element-button\" href=\"https:\/\/celiabenoist.fr\/?page_id=60\" style=\"color:#2abfed\">Voir les honoraires<\/a><\/div>\n<\/div>\n\n\n\n<p><\/p>\n","protected":false},"excerpt":{"rendered":"<p>Les motifs de consultation Les consultations peuvent se faire \u00e0 tous les \u00e2ges, de la petite enfance \u00e0 l&rsquo;\u00e2ge adulte en passant par l&rsquo;adolescence. De la l\u00e9g\u00e8re blessure au lourd traumatisme, il ne faut pas h\u00e9siter \u00e0 en parler. C&rsquo;est pourquoi les motifs peuvent \u00eatre tr\u00e8s vari\u00e9s, comme par exemple &hellip;<\/p>\n","protected":false},"author":1,"featured_media":0,"parent":0,"menu_order":0,"comment_status":"closed","ping_status":"closed","template":"","meta":{"footnotes":""},"class_list":["post-148","page","type-page","status-publish","hentry"],"_links":{"self":[{"href":"https:\/\/celiabenoist.fr\/index.php?rest_route=\/wp\/v2\/pages\/148","targetHints":{"allow":["GET"]}}],"collection":[{"href":"https:\/\/celiabenoist.fr\/index.php?rest_route=\/wp\/v2\/pages"}],"about":[{"href":"https:\/\/celiabenoist.fr\/index.php?rest_route=\/wp\/v2\/types\/page"}],"author":[{"embeddable":true,"href":"https:\/\/celiabenoist.fr\/index.php?rest_route=\/wp\/v2\/users\/1"}],"replies":[{"embeddable":true,"href":"https:\/\/celiabenoist.fr\/index.php?rest_route=%2Fwp%2Fv2%2Fcomments&post=148"}],"version-history":[{"count":24,"href":"https:\/\/celiabenoist.fr\/index.php?rest_route=\/wp\/v2\/pages\/148\/revisions"}],"predecessor-version":[{"id":445,"href":"https:\/\/celiabenoist.fr\/index.php?rest_route=\/wp\/v2\/pages\/148\/revisions\/445"}],"wp:attachment":[{"href":"https:\/\/celiabenoist.fr\/index.php?rest_route=%2Fwp%2Fv2%2Fmedia&parent=148"}],"curies":[{"name":"wp","href":"https:\/\/api.w.org\/{rel}","templated":true}]}}